{"id":237,"date":"2025-01-31T15:57:12","date_gmt":"2025-01-31T14:57:12","guid":{"rendered":"https:\/\/alt.org.pl\/?page_id=237"},"modified":"2026-02-23T09:08:16","modified_gmt":"2026-02-23T08:08:16","slug":"gosc-w-dom","status":"publish","type":"page","link":"https:\/\/alt.org.pl\/?page_id=237","title":{"rendered":"Go\u015b\u0107 w dom"},"content":{"rendered":"\t\t<div data-elementor-type=\"wp-page\" data-elementor-id=\"237\" class=\"elementor elementor-237\">\n\t\t\t\t<div class=\"elementor-element elementor-element-bb28bb7 e-flex e-con-boxed e-con e-parent\" data-id=\"bb28bb7\" data-element_type=\"container\" data-e-type=\"container\">\n\t\t\t\t\t<div class=\"e-con-inner\">\n\t\t\t\t<div class=\"elementor-element elementor-element-e7bbbf1 elementor-widget elementor-widget-spacer\" data-id=\"e7bbbf1\" data-element_type=\"widget\" data-e-type=\"widget\" data-widget_type=\"spacer.default\">\n\t\t\t\t<div class=\"elementor-widget-container\">\n\t\t\t\t\t\t\t<div class=\"elementor-spacer\">\n\t\t\t<div class=\"elementor-spacer-inner\"><\/div>\n\t\t<\/div>\n\t\t\t\t\t\t<\/div>\n\t\t\t\t<\/div>\n\t\t\t\t<div class=\"elementor-element elementor-element-27c2111 elementor-invisible elementor-widget elementor-widget-heading\" data-id=\"27c2111\" data-element_type=\"widget\" data-e-type=\"widget\" data-settings=\"{&quot;_animation&quot;:&quot;slideInLeft&quot;}\" data-widget_type=\"heading.default\">\n\t\t\t\t<div class=\"elementor-widget-container\">\n\t\t\t\t\t<h2 class=\"elementor-heading-title elementor-size-default\">Go\u015b\u0107 w dom<\/h2>\t\t\t\t<\/div>\n\t\t\t\t<\/div>\n\t\t\t\t<div class=\"elementor-element elementor-element-390f1d7 elementor-invisible elementor-widget elementor-widget-heading\" data-id=\"390f1d7\" data-element_type=\"widget\" data-e-type=\"widget\" data-settings=\"{&quot;_animation&quot;:&quot;fadeInLeft&quot;,&quot;_animation_delay&quot;:200}\" data-widget_type=\"heading.default\">\n\t\t\t\t<div class=\"elementor-widget-container\">\n\t\t\t\t\t<h3 class=\"elementor-heading-title elementor-size-default\">Wsparcie os\u00f3b w o\u015brodkach dla cudzoziemc\u00f3w<\/h3>\t\t\t\t<\/div>\n\t\t\t\t<\/div>\n\t\t\t\t<div class=\"elementor-element elementor-element-8ad82a4 elementor-widget elementor-widget-spacer\" data-id=\"8ad82a4\" data-element_type=\"widget\" data-e-type=\"widget\" data-widget_type=\"spacer.default\">\n\t\t\t\t<div class=\"elementor-widget-container\">\n\t\t\t\t\t\t\t<div class=\"elementor-spacer\">\n\t\t\t<div class=\"elementor-spacer-inner\"><\/div>\n\t\t<\/div>\n\t\t\t\t\t\t<\/div>\n\t\t\t\t<\/div>\n\t\t\t\t\t<\/div>\n\t\t\t\t<\/div>\n\t\t<div class=\"elementor-element elementor-element-bfa742e e-grid e-con-boxed e-con e-parent\" data-id=\"bfa742e\" data-element_type=\"container\" data-e-type=\"container\">\n\t\t\t\t\t<div class=\"e-con-inner\">\n\t\t\t\t<div class=\"elementor-element elementor-element-7de19b7 elementor-invisible elementor-widget elementor-widget-text-editor\" data-id=\"7de19b7\" data-element_type=\"widget\" data-e-type=\"widget\" data-settings=\"{&quot;_animation&quot;:&quot;slideInRight&quot;,&quot;_animation_delay&quot;:400}\" data-widget_type=\"text-editor.default\">\n\t\t\t\t<div class=\"elementor-widget-container\">\n\t\t\t\t\t\t\t\t\t<p>W o\u015brodkach dla cudzoziemc\u00f3w przebywaj\u0105 osoby, kt\u00f3re znalaz\u0142y si\u0119 w trudnej sytuacji \u2013 z dala od swoich dom\u00f3w, rodzin i znanych miejsc. Cz\u0119sto zwracaj\u0105 si\u0119 do nas z pro\u015bb\u0105 o wsparcie w postaci rzeczy, kt\u00f3re pomog\u0105 im poczu\u0107 si\u0119 lepiej w tej nowej, nie\u0142atwej rzeczywisto\u015bci.<\/p>\t\t\t\t\t\t\t\t<\/div>\n\t\t\t\t<\/div>\n\t\t\t\t\t<\/div>\n\t\t\t\t<\/div>\n\t\t<div class=\"elementor-element elementor-element-7d955a7 e-flex e-con-boxed e-con e-parent\" data-id=\"7d955a7\" data-element_type=\"container\" data-e-type=\"container\">\n\t\t\t\t\t<div class=\"e-con-inner\">\n\t\t<div class=\"elementor-element elementor-element-629911d e-con-full e-flex e-con e-child\" data-id=\"629911d\" data-element_type=\"container\" data-e-type=\"container\">\n\t\t\t\t<div class=\"elementor-element elementor-element-0f08830 elementor-invisible elementor-widget elementor-widget-image\" data-id=\"0f08830\" data-element_type=\"widget\" data-e-type=\"widget\" data-settings=\"{&quot;_animation&quot;:&quot;slideInUp&quot;,&quot;_animation_delay&quot;:400}\" data-widget_type=\"image.default\">\n\t\t\t\t<div class=\"elementor-widget-container\">\n\t\t\t\t\t\t\t\t\t\t\t\t\t\t\t<img fetchpriority=\"high\" decoding=\"async\" width=\"640\" height=\"424\" src=\"https:\/\/alt.org.pl\/wp-content\/uploads\/2025\/01\/remi-walle-UOwvwZ9Dy6w-unsplash.jpg\" class=\"attachment-large size-large wp-image-239\" alt=\"\" srcset=\"https:\/\/alt.org.pl\/wp-content\/uploads\/2025\/01\/remi-walle-UOwvwZ9Dy6w-unsplash.jpg 640w, https:\/\/alt.org.pl\/wp-content\/uploads\/2025\/01\/remi-walle-UOwvwZ9Dy6w-unsplash-300x199.jpg 300w\" sizes=\"(max-width: 640px) 100vw, 640px\" \/>\t\t\t\t\t\t\t\t\t\t\t\t\t\t\t<\/div>\n\t\t\t\t<\/div>\n\t\t\t\t<\/div>\n\t\t<div class=\"elementor-element elementor-element-33c0905 e-con-full e-flex e-con e-child\" data-id=\"33c0905\" data-element_type=\"container\" data-e-type=\"container\">\n\t\t<div class=\"elementor-element elementor-element-42acde2 e-con-full e-flex e-con e-child\" data-id=\"42acde2\" data-element_type=\"container\" data-e-type=\"container\">\n\t\t\t\t<div class=\"elementor-element elementor-element-da7a010 elementor-invisible elementor-widget elementor-widget-text-editor\" data-id=\"da7a010\" data-element_type=\"widget\" data-e-type=\"widget\" data-settings=\"{&quot;_animation&quot;:&quot;slideInRight&quot;,&quot;_animation_delay&quot;:600}\" data-widget_type=\"text-editor.default\">\n\t\t\t\t<div class=\"elementor-widget-container\">\n\t\t\t\t\t\t\t\t\t<p><span style=\"color: var( --e-global-color-text ); font-family: var( --e-global-typography-text-font-family ), Sans-serif; font-weight: var( --e-global-typography-text-font-weight ); text-align: var(--text-align); font-size: 1rem;\">Potrzebuj\u0105 przede wszystkim podstawowych rzeczy: ubra\u0144 i but\u00f3w odpowiednich do pory roku, \u017cywno\u015bci (makaron, ry\u017c, p\u0142atki owsiane, warzywa, owoce, olej, jajka, kawa, herbata, mleko w proszku), a czasem tak\u017ce innych przedmiot\u00f3w, jak tyto\u0144, maszynka do strzy\u017cenia w\u0142os\u00f3w czy plecak.<\/span><\/p>\t\t\t\t\t\t\t\t<\/div>\n\t\t\t\t<\/div>\n\t\t\t\t<div class=\"elementor-element elementor-element-5d21222 elementor-invisible elementor-widget elementor-widget-heading\" data-id=\"5d21222\" data-element_type=\"widget\" data-e-type=\"widget\" data-settings=\"{&quot;_animation&quot;:&quot;slideInUp&quot;,&quot;_animation_delay&quot;:800}\" data-widget_type=\"heading.default\">\n\t\t\t\t<div class=\"elementor-widget-container\">\n\t\t\t\t\t<h4 class=\"elementor-heading-title elementor-size-default\">Chcesz nam pom\u00f3c?<\/h4>\t\t\t\t<\/div>\n\t\t\t\t<\/div>\n\t\t\t\t<\/div>\n\t\t<div class=\"elementor-element elementor-element-5641f84 e-con-full e-flex e-con e-child\" data-id=\"5641f84\" data-element_type=\"container\" data-e-type=\"container\">\n\t\t\t\t<div class=\"elementor-element elementor-element-014cc22 elementor-align-center elementor-button-info elementor-invisible elementor-widget elementor-widget-button\" data-id=\"014cc22\" data-element_type=\"widget\" data-e-type=\"widget\" data-settings=\"{&quot;_animation&quot;:&quot;bounceIn&quot;,&quot;_animation_delay&quot;:1200}\" data-widget_type=\"button.default\">\n\t\t\t\t<div class=\"elementor-widget-container\">\n\t\t\t\t\t\t\t\t\t<div class=\"elementor-button-wrapper\">\n\t\t\t\t\t<a class=\"elementor-button elementor-button-link elementor-size-sm\" href=\"https:\/\/zrzutka.pl\/s2c9r4\" target=\"_blank\">\n\t\t\t\t\t\t<span class=\"elementor-button-content-wrapper\">\n\t\t\t\t\t\t<span class=\"elementor-button-icon\">\n\t\t\t\t<svg aria-hidden=\"true\" class=\"e-font-icon-svg e-fas-money-bill-wave\" viewBox=\"0 0 640 512\" xmlns=\"http:\/\/www.w3.org\/2000\/svg\"><path d=\"M621.16 54.46C582.37 38.19 543.55 32 504.75 32c-123.17-.01-246.33 62.34-369.5 62.34-30.89 0-61.76-3.92-92.65-13.72-3.47-1.1-6.95-1.62-10.35-1.62C15.04 79 0 92.32 0 110.81v317.26c0 12.63 7.23 24.6 18.84 29.46C57.63 473.81 96.45 480 135.25 480c123.17 0 246.34-62.35 369.51-62.35 30.89 0 61.76 3.92 92.65 13.72 3.47 1.1 6.95 1.62 10.35 1.62 17.21 0 32.25-13.32 32.25-31.81V83.93c-.01-12.64-7.24-24.6-18.85-29.47zM48 132.22c20.12 5.04 41.12 7.57 62.72 8.93C104.84 170.54 79 192.69 48 192.69v-60.47zm0 285v-47.78c34.37 0 62.18 27.27 63.71 61.4-22.53-1.81-43.59-6.31-63.71-13.62zM320 352c-44.19 0-80-42.99-80-96 0-53.02 35.82-96 80-96s80 42.98 80 96c0 53.03-35.83 96-80 96zm272 27.78c-17.52-4.39-35.71-6.85-54.32-8.44 5.87-26.08 27.5-45.88 54.32-49.28v57.72zm0-236.11c-30.89-3.91-54.86-29.7-55.81-61.55 19.54 2.17 38.09 6.23 55.81 12.66v48.89z\"><\/path><\/svg>\t\t\t<\/span>\n\t\t\t\t\t\t\t\t\t<span class=\"elementor-button-text\">WP\u0141A\u0106 NA ZRZUTK\u0118<\/span>\n\t\t\t\t\t<\/span>\n\t\t\t\t\t<\/a>\n\t\t\t\t<\/div>\n\t\t\t\t\t\t\t\t<\/div>\n\t\t\t\t<\/div>\n\t\t\t\t<\/div>\n\t\t\t\t<\/div>\n\t\t\t\t\t<\/div>\n\t\t\t\t<\/div>\n\t\t<div class=\"elementor-element elementor-element-fd48d95 e-flex e-con-boxed e-con e-parent\" data-id=\"fd48d95\" data-element_type=\"container\" data-e-type=\"container\">\n\t\t\t\t\t<div class=\"e-con-inner\">\n\t\t\t\t\t<\/div>\n\t\t\t\t<\/div>\n\t\t<div class=\"elementor-element elementor-element-529b63e e-flex e-con-boxed elementor-invisible e-con e-parent\" data-id=\"529b63e\" data-element_type=\"container\" data-e-type=\"container\" data-settings=\"{&quot;animation&quot;:&quot;fadeInUp&quot;}\">\n\t\t\t\t\t<div class=\"e-con-inner\">\n\t\t<div class=\"elementor-element elementor-element-354f55f e-con-full e-flex e-con e-child\" data-id=\"354f55f\" data-element_type=\"container\" data-e-type=\"container\">\n\t\t\t\t<div class=\"elementor-element elementor-element-a1b4650 elementor-widget elementor-widget-heading\" data-id=\"a1b4650\" data-element_type=\"widget\" data-e-type=\"widget\" data-widget_type=\"heading.default\">\n\t\t\t\t<div class=\"elementor-widget-container\">\n\t\t\t\t\t<h1 class=\"elementor-heading-title elementor-size-default\">Chcesz przekaza\u0107 dary?<\/h1>\t\t\t\t<\/div>\n\t\t\t\t<\/div>\n\t\t\t\t<div class=\"elementor-element elementor-element-b1ea76f elementor-widget elementor-widget-text-editor\" data-id=\"b1ea76f\" data-element_type=\"widget\" data-e-type=\"widget\" data-widget_type=\"text-editor.default\">\n\t\t\t\t<div class=\"elementor-widget-container\">\n\t\t\t\t\t\t\t\t\t<p>Otworzy\u0142y\u015bmy cykliczn\u0105 zbi\u00f3rk\u0119 rzeczy dla os\u00f3b w o\u015brodkach<\/p><h2>Aktualne potrzeby:<\/h2><p>Odzie\u017c:<\/p><ul><li>Ubrania damskie \u2013 wszystkie rozmiary, codzienne (nie suknie balowe)<\/li><li>Odzie\u017c niemowl\u0119ca i dzieci\u0119ca do 4 r.\u017c.<\/li><li>Ubrania m\u0119skie \u2013 raczej dla m\u0142odych m\u0119\u017cczyzn (np. d\u017cinsy, t-shirty, bluzy, spodnie dresowe itp.)<\/li><\/ul><p>Dla najm\u0142odszych:<\/p><ul><li>Wszelkiego rodzaju akcesoria niemowl\u0119ce<\/li><li>W\u00f3zki dzieci\u0119ce<\/li><li>Pieluchy, pieluchy, pieluchy &#8211; w ka\u017cdej ilo\u015bci<\/li><\/ul><p>Kosmetyki i chemia:<\/p><ul><li>Kosmetyki<\/li><li>\u015arodki czysto\u015bci (np. proszki do prania)<\/li><\/ul><div>\u00a0<\/div><div><h2>Wa\u017cne!<\/h2><div>Ze wzgl\u0119du na ograniczone mo\u017cliwo\u015bci lokalowe i organizacyjne przyjmujemy wy\u0142\u0105cznie rzeczy czyste i adekwatne do potrzeb. Nie dawajcie nam rzeczy brudnych, nieodpowiednich (jak suknie balowe, stare garnitury po dziadku), bo je przeka\u017cemy do PSZOK \u2013 nie mamy tylu piwnic, r\u0105k i g\u0142\u00f3w, by je segregowa\u0107 czy magazynowa\u0107.<\/div><\/div><div>\u00a0<\/div><div><h2>Jak przekaza\u0107 rzeczy?<\/h2><div>Rzeczy mo\u017cna wysy\u0142a\u0107 do jednego z poni\u017cszych punkt\u00f3w:<\/div><ul><li>Paczkomat InPost WAW485M<br \/>ul. Osiecka 28\/32, Warszawa<\/li><li>Automat paczkowy DPD<br \/>ul. Tarnowiecka 33A, 04-174 Warszawa<br \/>Kod: PL84968<\/li><li>\u00a0DPD Punkt Odbioru<br \/>ul. \u0141ukowska 18 lok. 2, 04-133 Warszawa<br \/>Kod: PL65859<\/li><li>Automat Paczkowy 501364<br \/>ul. Tarnowiecka 33A, Warszawa<br \/><br \/><\/li><\/ul><h2><b>Dane do nadania:<\/b><\/h2><div>Fundacja ALT<\/div><div>tel. +48 690 023 572<\/div><div>mail: alt.fundacja@gmail.com<\/div><\/div>\t\t\t\t\t\t\t\t<\/div>\n\t\t\t\t<\/div>\n\t\t\t\t<\/div>\n\t\t<div class=\"elementor-element elementor-element-b08768f e-con-full e-flex e-con e-child\" data-id=\"b08768f\" data-element_type=\"container\" data-e-type=\"container\">\n\t\t\t\t<div class=\"elementor-element elementor-element-9874300 elementor-widget elementor-widget-image\" data-id=\"9874300\" data-element_type=\"widget\" data-e-type=\"widget\" data-widget_type=\"image.default\">\n\t\t\t\t<div class=\"elementor-widget-container\">\n\t\t\t\t\t\t\t\t\t\t\t\t\t\t\t<img decoding=\"async\" width=\"576\" height=\"1024\" src=\"https:\/\/alt.org.pl\/wp-content\/uploads\/2026\/02\/zbiorka-576x1024.jpeg\" class=\"attachment-large size-large wp-image-488\" alt=\"\" srcset=\"https:\/\/alt.org.pl\/wp-content\/uploads\/2026\/02\/zbiorka-576x1024.jpeg 576w, https:\/\/alt.org.pl\/wp-content\/uploads\/2026\/02\/zbiorka-169x300.jpeg 169w, https:\/\/alt.org.pl\/wp-content\/uploads\/2026\/02\/zbiorka-768x1365.jpeg 768w, https:\/\/alt.org.pl\/wp-content\/uploads\/2026\/02\/zbiorka-864x1536.jpeg 864w, https:\/\/alt.org.pl\/wp-content\/uploads\/2026\/02\/zbiorka.jpeg 1134w\" sizes=\"(max-width: 576px) 100vw, 576px\" \/>\t\t\t\t\t\t\t\t\t\t\t\t\t\t\t<\/div>\n\t\t\t\t<\/div>\n\t\t<div class=\"elementor-element elementor-element-2568411 e-con-full e-flex e-con e-child\" data-id=\"2568411\" data-element_type=\"container\" data-e-type=\"container\">\n\t\t\t\t<div class=\"elementor-element elementor-element-a655e96 elementor-widget elementor-widget-heading\" data-id=\"a655e96\" data-element_type=\"widget\" data-e-type=\"widget\" data-widget_type=\"heading.default\">\n\t\t\t\t<div class=\"elementor-widget-container\">\n\t\t\t\t\t<h2 class=\"elementor-heading-title elementor-size-default\">Masz do przekazania wi\u0119cej rzeczy lub inne propozycje pomocy? Wype\u0142nij:<\/h2>\t\t\t\t<\/div>\n\t\t\t\t<\/div>\n\t\t\t\t<\/div>\n\t\t\t\t<div class=\"elementor-element elementor-element-58db012 elementor-align-center elementor-invisible elementor-widget elementor-widget-button\" data-id=\"58db012\" data-element_type=\"widget\" data-e-type=\"widget\" data-settings=\"{&quot;_animation&quot;:&quot;bounceIn&quot;}\" data-widget_type=\"button.default\">\n\t\t\t\t<div class=\"elementor-widget-container\">\n\t\t\t\t\t\t\t\t\t<div class=\"elementor-button-wrapper\">\n\t\t\t\t\t<a class=\"elementor-button elementor-button-link elementor-size-sm\" href=\"https:\/\/forms.gle\/f5yBe6xhBazDfzr38\" target=\"_blank\">\n\t\t\t\t\t\t<span class=\"elementor-button-content-wrapper\">\n\t\t\t\t\t\t\t\t\t<span class=\"elementor-button-text\">FORMULARZ DARCZY\u0143CY<\/span>\n\t\t\t\t\t<\/span>\n\t\t\t\t\t<\/a>\n\t\t\t\t<\/div>\n\t\t\t\t\t\t\t\t<\/div>\n\t\t\t\t<\/div>\n\t\t\t\t<\/div>\n\t\t\t\t\t<\/div>\n\t\t\t\t<\/div>\n\t\t\t\t<\/div>\n\t\t","protected":false},"excerpt":{"rendered":"<p>Go\u015b\u0107 w dom Wsparcie os\u00f3b w o\u015brodkach dla cudzoziemc\u00f3w W o\u015brodkach dla cudzoziemc\u00f3w przebywaj\u0105 osoby, kt\u00f3re znalaz\u0142y si\u0119 w trudnej sytuacji \u2013 z dala od swoich dom\u00f3w, rodzin i znanych miejsc. Cz\u0119sto zwracaj\u0105 si\u0119 do nas z pro\u015bb\u0105 o wsparcie w postaci rzeczy, kt\u00f3re pomog\u0105 im poczu\u0107 si\u0119 lepiej w tej nowej, nie\u0142atwej rzeczywisto\u015bci. Potrzebuj\u0105 [&hellip;]<\/p>\n","protected":false},"author":1,"featured_media":0,"parent":0,"menu_order":0,"comment_status":"closed","ping_status":"closed","template":"","meta":{"footnotes":""},"class_list":["post-237","page","type-page","status-publish","hentry"],"_links":{"self":[{"href":"https:\/\/alt.org.pl\/index.php?rest_route=\/wp\/v2\/pages\/237","targetHints":{"allow":["GET"]}}],"collection":[{"href":"https:\/\/alt.org.pl\/index.php?rest_route=\/wp\/v2\/pages"}],"about":[{"href":"https:\/\/alt.org.pl\/index.php?rest_route=\/wp\/v2\/types\/page"}],"author":[{"embeddable":true,"href":"https:\/\/alt.org.pl\/index.php?rest_route=\/wp\/v2\/users\/1"}],"replies":[{"embeddable":true,"href":"https:\/\/alt.org.pl\/index.php?rest_route=%2Fwp%2Fv2%2Fcomments&post=237"}],"version-history":[{"count":37,"href":"https:\/\/alt.org.pl\/index.php?rest_route=\/wp\/v2\/pages\/237\/revisions"}],"predecessor-version":[{"id":491,"href":"https:\/\/alt.org.pl\/index.php?rest_route=\/wp\/v2\/pages\/237\/revisions\/491"}],"wp:attachment":[{"href":"https:\/\/alt.org.pl\/index.php?rest_route=%2Fwp%2Fv2%2Fmedia&parent=237"}],"curies":[{"name":"wp","href":"https:\/\/api.w.org\/{rel}","templated":true}]}}